{"id":19,"date":"2019-02-25T12:48:28","date_gmt":"2019-02-25T11:48:28","guid":{"rendered":"http:\/\/spielmannszug-harmonie.de\/?page_id=19"},"modified":"2019-02-25T18:11:11","modified_gmt":"2019-02-25T17:11:11","slug":"der-spielmannszug","status":"publish","type":"page","link":"https:\/\/www.szharmonie.de\/?page_id=19","title":{"rendered":"Der Spielmannszug"},"content":{"rendered":"<div class=\"j-module n j-textWithImage\" id=\"cc-m-16668677896\">\n<div>\n<div class=\"cc-m-textwithimage-inline-rte\" id=\"cc-m-textwithimage-16668677896\" data-name=\"text\" data-action=\"text\">In Bad Homburg gibt es insgesamt 4 Faschings Vereine. Einer darunter ist der HCV, der Homburger Carnevals Verein.<\/p>\n<p><img data-recalc-dims=\"1\" loading=\"lazy\" decoding=\"async\" data-attachment-id=\"75\" data-permalink=\"https:\/\/www.szharmonie.de\/?attachment_id=75\" data-orig-file=\"https:\/\/i0.wp.com\/www.szharmonie.de\/wp-content\/uploads\/2019\/02\/alte-bilder-1042969595454022291409..jpg?fit=3000%2C2037&amp;ssl=1\" data-orig-size=\"3000,2037\" data-comments-opened=\"1\" data-image-meta=\"{&quot;aperture&quot;:&quot;0&quot;,&quot;credit&quot;:&quot;&quot;,&quot;camera&quot;:&quot;&quot;,&quot;caption&quot;:&quot;&quot;,&quot;created_timestamp&quot;:&quot;0&quot;,&quot;copyright&quot;:&quot;&quot;,&quot;focal_length&quot;:&quot;0&quot;,&quot;iso&quot;:&quot;0&quot;,&quot;shutter_speed&quot;:&quot;0&quot;,&quot;title&quot;:&quot;&quot;,&quot;orientation&quot;:&quot;0&quot;}\" data-image-title=\"alte bilder (104)2969595454022291409..jpg\" data-image-description=\"\" data-image-caption=\"\" data-medium-file=\"https:\/\/i0.wp.com\/www.szharmonie.de\/wp-content\/uploads\/2019\/02\/alte-bilder-1042969595454022291409..jpg?fit=300%2C204&amp;ssl=1\" data-large-file=\"https:\/\/i0.wp.com\/www.szharmonie.de\/wp-content\/uploads\/2019\/02\/alte-bilder-1042969595454022291409..jpg?fit=750%2C509&amp;ssl=1\" src=\"https:\/\/i0.wp.com\/spielmannszug-harmonie.de\/wp-content\/uploads\/2019\/02\/alte-bilder-1042969595454022291409..jpg?resize=300%2C204\" width=\"300\" height=\"204\" class=\"size-medium alignnone wp-image-75\" srcset=\"https:\/\/i0.wp.com\/www.szharmonie.de\/wp-content\/uploads\/2019\/02\/alte-bilder-1042969595454022291409..jpg?w=3000&amp;ssl=1 3000w, https:\/\/i0.wp.com\/www.szharmonie.de\/wp-content\/uploads\/2019\/02\/alte-bilder-1042969595454022291409..jpg?resize=300%2C204&amp;ssl=1 300w, https:\/\/i0.wp.com\/www.szharmonie.de\/wp-content\/uploads\/2019\/02\/alte-bilder-1042969595454022291409..jpg?resize=768%2C521&amp;ssl=1 768w, https:\/\/i0.wp.com\/www.szharmonie.de\/wp-content\/uploads\/2019\/02\/alte-bilder-1042969595454022291409..jpg?resize=1024%2C695&amp;ssl=1 1024w, https:\/\/i0.wp.com\/www.szharmonie.de\/wp-content\/uploads\/2019\/02\/alte-bilder-1042969595454022291409..jpg?w=1500&amp;ssl=1 1500w, https:\/\/i0.wp.com\/www.szharmonie.de\/wp-content\/uploads\/2019\/02\/alte-bilder-1042969595454022291409..jpg?w=2250&amp;ssl=1 2250w\" sizes=\"(max-width: 300px) 100vw, 300px\" \/><\/p>\n<p>Dort hat die Geschichte des Spielmannszuges eigentlich begonnen.<\/p>\n<p>Unter der Leitung von Richard Schieler hat der Spielmannszug viele Jahre die Garden und Umz\u00fcge des HCV bgleitet.<\/p>\n<p>Im Jahre 1951 hat sich dieser Spielmannszug vom HCV Abgel\u00f6st und unter der Leitung von Rene Goy selbstst\u00e4ndig gemacht.<\/p>\n<p>Ren\u00e9 Goy hat viele Jahre lang die Ausbildung f\u00fcr die Percussion und die Fl\u00f6ten \u00fcbernommen.<\/p>\n<p>Durch Viele Auftritte sowie bei den Faschingsumz\u00fcgen in Oberursel, Eschborn und Friedberg und nat\u00fcrlich den Umz\u00fcgen am Bad Homburger Laternenfest war der Spielmannszug sehr bekannt.<\/p><\/div>\n<\/div>\n<\/div>\n<div class=\"j-module n j-imageSubtitle\" id=\"cc-m-16668694996\">\n<figure class=\"cc-imagewrapper cc-m-image-align-3\"><img data-recalc-dims=\"1\" decoding=\"async\" class=\"\" id=\"cc-m-imagesubtitle-image-16668694996\" src=\"https:\/\/i0.wp.com\/image.jimcdn.com\/app\/cms\/image\/transf\/dimension%3D469x10000%3Aformat%3Djpg\/path\/sd2e2cee416012d6b\/image\/i715b786fdd1b8f1c\/version\/1549701968\/image.jpg?w=750&#038;ssl=1\" sizes=\"(min-width: 469px) 469px, 100vw\" srcset=\"https:\/\/image.jimcdn.com\/app\/cms\/image\/transf\/dimension=320x10000:format=jpg\/path\/sd2e2cee416012d6b\/image\/i715b786fdd1b8f1c\/version\/1549701968\/image.jpg 320w, https:\/\/image.jimcdn.com\/app\/cms\/image\/transf\/dimension=469x10000:format=jpg\/path\/sd2e2cee416012d6b\/image\/i715b786fdd1b8f1c\/version\/1549701968\/image.jpg 469w, https:\/\/image.jimcdn.com\/app\/cms\/image\/transf\/none\/path\/sd2e2cee416012d6b\/image\/i715b786fdd1b8f1c\/version\/1549701968\/image.jpg 640w\" alt=\"\" data-src-width=\"640\" data-src-height=\"480\" data-src=\"https:\/\/image.jimcdn.com\/app\/cms\/image\/transf\/dimension=469x10000:format=jpg\/path\/sd2e2cee416012d6b\/image\/i715b786fdd1b8f1c\/version\/1549701968\/image.jpg\" data-image-id=\"9680186296\"><\/figure>\n<div class=\"cc-clear\">Auch reiste der Spielmannszug gerne und oft zu der Bad Homburger Partner Stadt Cabourg nach Frankreich um dort an Auftritten teilzuhaben.<\/div>\n<\/div>\n<div class=\"j-module n j-text\" id=\"cc-m-16694558896\">So waren wir z. B. bei der 1000 Jahr feier der Stadt mit dabei.<\/div>\n<div class=\"j-module n j-imageSubtitle\" id=\"cc-m-16694557496\">\n<figure class=\"cc-imagewrapper cc-m-image-align-1 cc-m-width-maxed\"><img data-recalc-dims=\"1\" decoding=\"async\" class=\"\" id=\"cc-m-imagesubtitle-image-16694557496\" src=\"https:\/\/i0.wp.com\/image.jimcdn.com\/app\/cms\/image\/transf\/none\/path\/sd2e2cee416012d6b\/image\/i7014f06c6ab527d2\/version\/1550830352\/image.jpg?w=750&#038;ssl=1\" sizes=\"(min-width: 985px) 985px, 100vw\" srcset=\"https:\/\/image.jimcdn.com\/app\/cms\/image\/transf\/dimension=320x10000:format=jpg\/path\/sd2e2cee416012d6b\/image\/i7014f06c6ab527d2\/version\/1550830352\/image.jpg 320w, https:\/\/image.jimcdn.com\/app\/cms\/image\/transf\/dimension=640x10000:format=jpg\/path\/sd2e2cee416012d6b\/image\/i7014f06c6ab527d2\/version\/1550830352\/image.jpg 640w, https:\/\/image.jimcdn.com\/app\/cms\/image\/transf\/dimension=960x10000:format=jpg\/path\/sd2e2cee416012d6b\/image\/i7014f06c6ab527d2\/version\/1550830352\/image.jpg 960w, https:\/\/image.jimcdn.com\/app\/cms\/image\/transf\/none\/path\/sd2e2cee416012d6b\/image\/i7014f06c6ab527d2\/version\/1550830352\/image.jpg 985w\" alt=\"\" data-src-width=\"985\" data-src-height=\"580\" data-src=\"https:\/\/image.jimcdn.com\/app\/cms\/image\/transf\/none\/path\/sd2e2cee416012d6b\/image\/i7014f06c6ab527d2\/version\/1550830352\/image.jpg\" data-image-id=\"9694386196\"><\/figure>\n<\/div>\n","protected":false},"excerpt":{"rendered":"<p>In Bad Homburg gibt es insgesamt 4 Faschings Vereine. Einer darunter ist der HCV, der Homburger Carnevals Verein. Dort hat die Geschichte des Spielmannszuges eigentlich begonnen. Unter der Leitung von Richard Schieler hat der Spielmannszug viele Jahre die Garden und<\/p>\n","protected":false},"author":1,"featured_media":0,"parent":0,"menu_order":0,"comment_status":"closed","ping_status":"closed","template":"","meta":{"jetpack_post_was_ever_published":false,"footnotes":""},"featured_image_src":null,"featured_image_src_square":null,"jetpack_sharing_enabled":true,"jetpack_shortlink":"https:\/\/wp.me\/PaKGip-j","jetpack-related-posts":[],"jetpack_likes_enabled":true,"_links":{"self":[{"href":"https:\/\/www.szharmonie.de\/index.php?rest_route=\/wp\/v2\/pages\/19"}],"collection":[{"href":"https:\/\/www.szharmonie.de\/index.php?rest_route=\/wp\/v2\/pages"}],"about":[{"href":"https:\/\/www.szharmonie.de\/index.php?rest_route=\/wp\/v2\/types\/page"}],"author":[{"embeddable":true,"href":"https:\/\/www.szharmonie.de\/index.php?rest_route=\/wp\/v2\/users\/1"}],"replies":[{"embeddable":true,"href":"https:\/\/www.szharmonie.de\/index.php?rest_route=%2Fwp%2Fv2%2Fcomments&post=19"}],"version-history":[{"count":2,"href":"https:\/\/www.szharmonie.de\/index.php?rest_route=\/wp\/v2\/pages\/19\/revisions"}],"predecessor-version":[{"id":78,"href":"https:\/\/www.szharmonie.de\/index.php?rest_route=\/wp\/v2\/pages\/19\/revisions\/78"}],"wp:attachment":[{"href":"https:\/\/www.szharmonie.de\/index.php?rest_route=%2Fwp%2Fv2%2Fmedia&parent=19"}],"curies":[{"name":"wp","href":"https:\/\/api.w.org\/{rel}","templated":true}]}}